0). Let z(b) = -b**3 - 5*b**2 - b - 3. Let k be z(-5). What is the units digit of j - 1 - (1 - k)?
1
Suppose -5 + 13 = -t. Let c = -4 - t. What is the units digit of c?
4
Suppose 9*i - 131 - 1129 = 0. What is the units digit of i?
0
Let n = -107 + 151. What is the tens digit of n?
4
Let a = -21 + 193. What is the units digit of a?
2
Let l(x) be the third derivative of x**5/60 - x**4/3 - x**3/2 - x**2. Let b be l(7). Let m = 15 + b. What is the units digit of m?
5
Suppose -b + 30 = -0*b. Let l = 0 - b. Let r = 50 + l. What is the units digit of r?
0
Let u be (-2 + 4/8)*14. What is the units digit of (-4)/(24/u)*2?
7
What is the units digit of (-3)/(3/2) - 1173/(-23)?
9
Let j(y) = -8*y + 1. Let p be j(-1). What is the units digit of 2/(-4)*(1 - p)?
4
Let p = -122 + 213. What is the units digit of p?
1
Suppose -5 = -4*o + 3. Let h = -2 - o. Let i(k) = -k - 2. What is the units digit of i(h)?
2
Let s(m) = -m**3 - 11*m**2 + m + 7. Let r be s(-11). What is the units digit of (-308)/(-16) + 1/r?
9
Let y(f) = f - 4. Let m be y(5). Suppose 0 = 2*q - 3 + m. What is the units digit of q?
1
Let q = -6 - -14. What is the units digit of q?
8
Let i = 115 - 17. What is the units digit of i?
8
Suppose -5*k - 34 = 4*j - 2*j, 2*k + 8 = 0. Let s be (-15)/(2 + -4 - -1). Let r = j + s. What is the units digit of r?
8
Let x = 161 - -22. What is the tens digit of x?
8
What is the units digit of (-20)/(-70) + (-416)/(-14)?
0
Let t be (3 + 32/(-12))*18. Let h(v) = -v**3 + 7*v**2 - 4*v - 4. What is the units digit of h(t)?
8
Let o be 0 + 1 - (-6)/(-2). What is the units digit of (-228)/(-16) - o/(-8)?
4
Let n(k) = k**3 - 29*k**2 + 9*k - 27. What is the tens digit of n(29)?
3
Let w(q) = -2*q**3 + 0*q + 2*q**2 + q**2 + q + 3*q**3. Let u be w(-2). Suppose h - u = 7. What is the units digit of h?
9
Let w = 6 + 15. What is the units digit of w?
1
Suppose -3*k + 2*z = -343, -3*k - 2*k - 3*z = -540. What is the tens digit of k?
1
Let j be (9 - 12)*152/1. What is the units digit of (-4)/14 - j/28?
6
What is the tens digit of 4/10*(4/4 - -59)?
2
Suppose -5*f + 0*f = 0. Let p = f + 1. What is the units digit of p?
1
Suppose 3*j = -3*i - 15, -i = 2*j - 2*i + 10. Let b = j - -40. What is the units digit of b?
5
Let u = 9 + -3. Let y be 10/(-3)*3/(-2). Let n = u - y. What is the units digit of n?
1
Suppose 15 = 3*j, -4*o - 4*j = -3*o - 52. What is the tens digit of o?
3
Let r(y) be the second derivative of y**4/12 - 7*y**3/6 - 9*y**2/2 + 2*y. Let b be r(8). What is the units digit of (-2)/b*(-7)/(-2)?
7
What is the tens digit of (2*2)/(((-14)/1169)/(-1))?
3
Let h be (-3)/15 - (-1)/5. Suppose -2*r + 51 = 5*w + 2, -2*w + 5*r + 8 = h. What is the units digit of w?
9
Let j(m) = 41*m**3 + 4*m - 3. What is the units digit of j(1)?
2
Let w(s) be the third derivative of 0 - 1/6*s**3 - 1/60*s**5 + 0*s + 2*s**2 - 1/3*s**4. What is the units digit of w(-7)?
6
Let t(p) = 47*p - 3. What is the tens digit of t(1)?
4
Suppose 18*k - 1194 = 12*k. What is the units digit of k?
9
Suppose 205 = 6*z - z. Suppose 5*o - z - 14 = 0. What is the units digit of o?
1
Let l(x) = x**2 + x + 6. Let n be l(-6). Let c be n/(-21) + 2/(-7). What is the tens digit of 5/(2/(2 - c))?
1
Let a be (-2 - -7 - 4) + 3. Suppose a*r - 64 = 60. What is the tens digit of r?
3
Let v(j) = 4*j. Let p be v(1). Suppose f - 9 = 2*z, 0 = -p*z + 4*f - 7 - 9. What is the units digit of (z/2)/((-1)/2)?
5
Suppose -6*a = -679 + 205. What is the tens digit of a?
7
Suppose -352 = -42*d + 38*d. What is the units digit of d?
8
Let w(i) = i**3 - 7*i**2 + 8*i - 8. Let c be w(6). Suppose 33 = 3*q + c*b, q + b - 1 - 9 = 0. What is the units digit of q?
7
Let u(r) be the third derivative of -r**6/120 - r**5/20 - 5*r**4/24 + r**3/6 + 7*r**2. What is the units digit of u(-4)?
7
What is the tens digit of 10036/117 + (-4)/(-18)?
8
Suppose m - 19 = -a, -a - 2*a = 4*m - 76. What is the tens digit of m?
1
Let z(w) = -2 - 2 + 6 - w. What is the units digit of z(-8)?
0
Suppose 8*j = 5*j + 135. What is the units digit of j?
5
Let t(s) = -s**2 + 13*s - 2. What is the tens digit of t(8)?
3
Let y(p) = 8 - p**3 + 0*p - p + 2*p**3. Let g be 0/(16/4 + -8). What is the units digit of y(g)?
8
Let j(k) = k**3 - k**2 + 3*k - 1. Let m be j(2). Suppose -3*h - m = 0, -4*h = 3*g - h + 24. What is the units digit of (14/g + 2)*-15?
2
Let g be (-1)/1 - (-3 + 3). What is the units digit of 3 - (0 - (g - 0))?
2
What is the tens digit of 5/(10/78) - 0?
3
Let k = -6 - -11. Suppose k*z + 24 = 3*z. What is the units digit of (6/z)/(2/(-24))?
6
Suppose -3*x = -x - 24. Suppose q - 3*w + x = 0, 35 = 5*q + 5*w - w. Let t = q + 3. What is the units digit of t?
6
Let t(n) = -2*n - 5. Let v be t(-4). Suppose -3*c + 6 = -v. What is the units digit of c?
3
Let k be -1 + -2 + 1 - -6. Suppose 0 = -2*c - 0*c + k*j + 16, -j - 9 = -3*c. Suppose 0 = -5*g - 4*o + 9, 0 = -c*o - 0*o + 2. What is the units digit of g?
1
Suppose -3*y - 76 = 68. What is the tens digit of (y/(-28))/((-1)/(-7))?
1
Let s = -45 - -23. What is the tens digit of (-4)/(-22) - 216/s?
1
Let a(b) = b + 11. Let d be a(-8). Suppose 17 + 49 = d*l. What is the tens digit of l?
2
Let j = 6 - 2. Let c be (-2 + 1)/((-2)/4). Suppose c*g = j*g - 4. What is the units digit of g?
2
Suppose 5*g - 159 = -2*v - v, -5*v = 2*g - 265. Let s = 79 - v. Let y = s + -10. What is the tens digit of y?
1
Suppose -4*v = -v - z + 164, 5*z - 204 = 4*v. What is the units digit of (54/21)/((-12)/v)?
2
Suppose 6 - 102 = -8*m. What is the units digit of m?
2
Suppose 17 = 5*l + m, -3*l - 7*m = -4*m - 15. Let z be 2*1/(l/9). Let y(j) = j**2 - 4*j - 4. What is the units digit of y(z)?
8
Let y(j) = -11*j + 16. What is the tens digit of y(-18)?
1
Let c(q) = -q**3 + 6*q**2 - 5*q + 9. Let u be c(4). Let m = u - 11. What is the tens digit of m?
1
Suppose 5*s = 4*w + 117, -4*s - 49 = -5*w - 148. What is the tens digit of 2*s/(-9)*-3?
1
Let r = 7 - 4. Suppose -r = -j - 0. What is the units digit of j?
3
What is the hundreds digit of (-5)/(3*(-1)/72)?
1
Suppose 0 = -d + z + 34, -d - z + 15 = -11. What is the units digit of d?
0
Let l(v) = v**3 - 27*v**2 + 6*v + 81. What is the units digit of l(27)?
3
Suppose -3*a - f = -110, a = f - 13 + 55. Let t = 23 + -46. Let y = a + t. What is the units digit of y?
5
Let d(n) = 77*n**2 + 1. What is the units digit of d(-1)?
8
Let a = 15 + -8. Suppose 0 = -5*s + 4*s + a. Suppose 0 = -2*p + 9 + s. What is the units digit of p?
8
Suppose 1 + 1 = v. Suppose 0*l = -l + v. What is the units digit of l?
2
What is the units digit of (6/(-2) + 1)*-6?
2
Let z(v) = -v**3 + 5*v**2 + v - 3. Let p be z(5). Suppose -p*j = -7 - 25. What is the tens digit of j?
1
Suppose 2*w - 3*w = -17. Let c = -12 + w. Let o = 4 + c. What is the units digit of o?
9
Let v(x) = -x + 4. Let p be v(5). What is the units digit of p/(-1 + 12/14)?
7
Suppose 4*k + 4 = 2*q, 4*q + 1 - 9 = k. Suppose -15 - 51 = -q*i. Suppose y + 4*z - 7 = 10, 3*y - i = -3*z. What is the units digit of y?
9
Suppose 5*i = 504 + 76. Suppose 2*w + 5*o = -i, -1 = w + 2*o + 58. What is the tens digit of w/(-6)*(-16)/(-12)?
1
Let l(f) be the third derivative of 3*f**2 - 1/6*f**3 + 3/20*f**5 + 0*f + 0 + 0*f**4. What is the units digit of l(-1)?
8
Let p(q) = -3 + 0*q + q + q + 2. What is the units digit of p(13)?
5
Suppose 0 = d - 6*d + 35. Let w = d + 7. What is the tens digit of w?
1
Suppose 0 = -6*w + 8*w - 30. Let s = w - 8. What is the units digit of s?
7
Suppose 4*u - 12 = -6*h + 2*h, 2*u = -h + 10. What is the units digit of u?
7
Let a(j) = -3*j + 5. Let y(g) = 4*g - 7. Let x(r) = -7*a(r) - 5*y(r). Let t be x(10). Let o = t - 6. What is the units digit of o?
4
Suppose -5*n - 24 = -n. Let x be n/24 - 35/4. What is the units digit of 3/(x/3) - -13?
2
Let i = -6 - -8. Suppose -15 = -5*d + 5*q, -2*d + 13 = i*d - 5*q. What is the units digit of (d - 2 - -11) + -2?
9
Suppose -4*t = -4*q + 16, -t + 6 = t. Let p = q + 2. What is the units digit of p?
9
Let a(h) = 4*h**2 + 2*h - 3. Let n be a(2). Let d = 8 + n. What is the units digit of d?
5
Let c(x) = x**3 + 5*x**2 + 4*x + 5. Let n be c(-4). Let l = 13 - n. Suppose 3*f + 8 = z - 0, z + 2*f - l = 0. What is the units digit of z?
8
What is the tens digit of (-305)/(-12)*3 + 3/4?
7
Let z(s) = 64*s - 12. What is the hundreds digit of z(2)?
1
Let x